False
Is 113317 prime?
False
Is 92219 a prime number?
True
Is 5737 prime?
True
Is 113453 a prime number?
True
Is 6487 composite?
True
Is 3754 composite?
True
Is 154981 a prime number?
True
Is 16669 a composite number?
True
Is 32753 a prime number?
False
Is 622 prime?
False
Is 721769 a composite number?
True
Is 2389487 a composite number?
True
Is 225263 prime?
True
Is 17246 a prime number?
False
Is 17460191 prime?
False
Is 1993087 a composite number?
False
Is 476963 a composite number?
True
Is 26303 a composite number?
True
Is 25523 a prime number?
True
Is 2005 composite?
True
Is 802 composite?
True
Is 7283 prime?
True
Is 28563 prime?
False
Is 71191 composite?
False
Is 38113 a prime number?
True
Is 349787 prime?
True
Is 1642903 a prime number?
True
Is 391 prime?
False
Is 28807 prime?
True
Is 9957 prime?
False
Is 23461 a prime number?
False
Is 1748113 prime?
True
Is 123169 a composite number?
False
Is 637669 a composite number?
False
Is 112327 a prime number?
True
Is 459091 a prime number?
True
Is 2283377 composite?
False
Is 42193 a composite number?
False
Is 3683 a prime number?
False
Is 66026 a prime number?
False
Is 43327 composite?
True
Is 1255 composite?
True
Is 3791 a composite number?
True
Is 75347 a prime number?
True
Is 32479 prime?
True
Is 1013641 prime?
True
Is 145718 prime?
False
Is 2551 a prime number?
True
Is 8354 composite?
True
Is 13829 composite?
False
Is 3611 composite?
True
Is 70561 a prime number?
False
Is 6065 prime?
False
Is 7558 a composite number?
True
Is 611999 a prime number?
True
Is 4535 a prime number?
False
Is 9489 prime?
False
Is 21377 a composite number?
False
Is 266503 composite?
True
Is 11233 a composite number?
True
Is 27847 a composite number?
False
Is 83177 a composite number?
False
Is 745231 a prime number?
True
Is 7639 a composite number?
False
Is 1352749 a composite number?
False
Is 5773 composite?
True
Is 257 a composite number?
False
Is 2819 a prime number?
True
Is 7559 a composite number?
False
Is 25613 a prime number?
False
Is 2284537 a composite number?
False
Is 159521 a composite number?
False
Is 154181 prime?
True
Is 7715 prime?
False
Is 1943 composite?
True
Is 46199 a composite number?
False
Is 337583 prime?
True
Is 48421 composite?
True
Is 14923 composite?
False
Is 180599 prime?
False
Is 639833 composite?
False
Is 104171 prime?
False
Is 22583 prime?
False
Is 1019215 a prime number?
False
Is 17399 a composite number?
True
Is 1309297 a composite number?
True
Is 114071 a prime number?
False
Is 3989 prime?
True
Is 15229 prime?
False
Is 16333 prime?
True
Is 3989 prime?
True
Is 630485 a composite number?
True
Is 6469 composite?
False
Is 282281 a prime number?
True
Is 22094 a prime number?
False
Is 251 prime?
True
Is 19289 composite?
False
Is 18489 prime?
False
Is 145 prime?
False
Is 3135295 a prime number?
False
Is 12515 a composite number?
True
Is 104903 a composite number?
True
Is 52321 composite?
False
Is 22045 a prime number?
False
Is 166393 a prime number?
True
Is 93127 prime?
False
Is 2046743 a prime number?
True
Is 394523 a composite number?
False
Is 43151 a composite number?
False
Is 16253 a prime number?
True
Is 96581 prime?
True
Is 61813 prime?
True
Is 65239 composite?
False
Is 12781 composite?
False
Is 2999237 prime?
False
Is 17429 composite?
True
Is 50239 a composite number?
True
Is 9941 composite?
False
Is 17011 prime?
True
Is 365837 a prime number?
True
Is 7963 a prime number?
True
Is 9551 composite?
False
Is 38293 a composite number?
True
Is 54422 composite?
True
Is 29773 composite?
True
Is 7993 composite?
False
Is 645847 a composite number?
True
Is 75869 composite?
False
Is 153155 a prime number?
False
Is 31013 prime?
True
Is 8003 composite?
True
Is 131 a prime number?
True
Is 98639 composite?
False
Is 42821 composite?
False
Is 943 composite?
True
Is 72817 composite?
False
Is 967673 composite?
True
Is 17117 prime?
True
Is 5273 a prime number?
True
Is 889 a composite number?
True
Is 14977 a prime number?
False
Is 44351 composite?
False
Is 60181 prime?
False
Is 311867 a prime number?
True
Is 18362 composite?
True
Is 108331 a composite number?
True
Is 552469 a prime number?
True
Is 7319 a prime number?
False
Is 1057 a composite number?
True
Is 33679 prime?
True
Is 1194487 composite?
True
Is 26947 a composite number?
False
Is 59845 a composite number?
True
Is 46623 a prime number?
False
Is 7411 a composite number?
False
Is 44413 composite?
True
Is 40611 a prime number?
False
Is 8389 prime?
True
Is 651587 composite?
False
Is 29069 composite?
True
Is 383869 composite?
False
Is 701 composite?
False
Is 28693 prime?
False
Is 295663 composite?
False
Is 16293 composite?
True
Is 4911 composite?
True
Is 5671 composite?
True
Is 797 composite?
False
Is 52639 a prime number?
True
Is 1871 a composite number?
False
Is 307214 prime?
False
Is 234673 a prime number?
True
Is 312614 prime?
False
Is 249667 prime?
False
Is 16873 a composite number?
True
Is 11974 a composite number?
True
Is 370021 a prime number?
True
Is 4561 a composite number?
False
Is 24709 composite?
False
Is 159233 a prime number?
True
Is 792871 prime?
True
Is 88511 a composite number?
True
Is 174367 prime?
True
Is 701443 prime?
True
Is 61259 composite?
True
Is 4559 prime?
False
Is 59833 composite?
False
Is 60589 a prime number?
True
Is 1551109 prime?
False
Is 27847 composite?
False
Is 4291 composite?
True
Is 6733 a prime number?
True
Is 26067 prime?
False
Is 18229 composite?
False
Is 143779 a prime number?
True
Is 77917 composite?
True
Is 7979423 a prime number?
True
Is 45842 prime?
False
Is 388929 a prime number?
False
Is 47893 composite?
True
Is 2016943 composite?
False
Is 74846 prime?
False
Is 54461 prime?
False
Is 667933 prime?
False
Is 28687 a prime number?
True
Is 3569221 composite?
False
Is 1705051 composite?
False
Is 323879 prime?
True
Is 10265 prime?
False
Is 9533 prime?
True
Is 35589 composite?
True
Is 172239 prime?
False
Is 304301 a composite number?
False
Is 118343 prime?
True
Is 20467 a composite number?
True
Is 782734 a composite number?
True
Is 271037 a composite number?
True
Is 1099537 a prime number?
False
Is 918553 a prime number?
False
Is 118453 a prime number?
True
Is 3907 prime?
True
Is 15793 composite?
True
Is 1653313 prime?
True
Is 894603 prime?
False
Is 591779 prime?
True
Is 36293 a composite number?
False
Is 53099 composite?
True
Is 590243 a composite number?
False
Is 8147 a prime number?
True
Is 28774 a prime number?
False
Is 346 a composite number?
True
Is 4369 a prime number?
False
Is 505118 composite?
True
Is 96931 a composite number?
False
Is 2437 a composite number?
False
Is 278555 prime?
False
Is 77069 a prime number?
True
Is 62821 a prime number?
False
Is 21269 a composite number?
False
Is 63853 composite?
False
Is 779605 prime?
False
Is 4822 a composite number?
True
Is 10007 prime?
True
Is 1084579 a prime number?
True
Is 185389 composite?
True
Is 21101 a prime number?
True
Is 1969 composite?
True
Is 691 a composite number?
False
Is 144563 a prime number?
True
Is 227789 a composite number?
False
Is 142679 a composite number?
True
Is 5261 a composite number?
False
Is 67101 a composite number?
True
Is 707867 composite?
True
Is 20701 a composite number?
True
Is 11863 a composite number?
False
Is 1465 a prime number?
False
Is 77557 a prime number?
True
Is 84746 composite?
True
Is 10015 prime?
False
Is 23783 prime?
False
Is 15421 a composite number?
True
Is 336353 a composite number?
False
Is 98551 a composite number?
True
Is 63577 a composite number?
False
Is 719 a composite number?
False
Is 833597 a prime number?
True
Is 44637 prime?
False
Is 417155 prime?
False
Is 222727 a composite number?
True
Is 16217 prime?
True
Is 574529 a prime number?
True
Is 29941 composite?
True
Is 220723 composite?
True
Is 18097 a composite number?
False
Is 42061 a prime number?
True
Is 55 a prime number?
False
Is 25523 composite?
False
Is 264458 a composite number?
True
Is 7307 a composite number?
False
Is 8609 a prime number?
True
Is 9509 prime?
False
Is 27179 composite?
False
Is 223 prime?
True
Is 1578351 composite?
True
Is 1241951 prime?
True
Is 226871 a composite number?
False
Is 1067 a composite number?
True
Is 12227 a prime number?
True
Is 3212147 composite?
False
Is 9574 prime?
False
Is 661721 composite?
False
Is 616349 p